rue
Does 213 divide 1459711?
False
Does 272 divide 189040?
True
Is 79464 a multiple of 86?
True
Does 12 divide 548052?
True
Does 135 divide 1844853?
False
Is 946704 a multiple of 121?
True
Does 493 divide 928812?
True
Does 25 divide 1388525?
True
Is 13 a factor of 1226253?
False
Is 1200252 a multiple of 3?
True
Is 8942089 a multiple of 79?
True
Is 2 a factor of 46523?
False
Does 84 divide 192313?
False
Is 150 a factor of 556248?
False
Is 25636 a multiple of 99?
False
Is 1654530 a multiple of 10?
True
Does 740 divide 535183?
False
Is 74 a factor of 174929?
False
Is 3313083 a multiple of 232?
False
Is 9 a factor of 44009?
False
Does 186 divide 3181619?
False
Is 22886823 a multiple of 421?
True
Is 139860 a multiple of 9?
True
Is 231 a factor of 89871?
False
Is 822082 a multiple of 205?
False
Is 1921 a factor of 8133514?
True
Is 491 a factor of 143863?
True
Does 271 divide 976663?
False
Is 479 a factor of 87319?
False
Is 614909 a multiple of 618?
False
Is 548601 a multiple of 875?
False
Does 642 divide 6758992?
False
Is 9564970 a multiple of 76?
False
Is 257180 a multiple of 44?
True
Is 813006 a multiple of 18?
True
Is 9 a factor of 24974?
False
Is 2322225 a multiple of 75?
True
Is 96900 a multiple of 60?
True
Is 6 a factor of 193035?
False
Does 37 divide 19672187?
False
Is 624 a factor of 637104?
True
Is 87 a factor of 442917?
True
Does 106 divide 1168763?
False
Is 4629035 a multiple of 586?
False
Does 12 divide 23460?
True
Is 130115 a multiple of 29?
False
Does 29 divide 1894194?
False
Is 119771 a multiple of 49?
False
Does 27 divide 1264973?
False
Is 706372 a multiple of 18?
False
Does 40 divide 14083636?
False
Is 82 a factor of 1282321?
False
Does 164 divide 2152336?
True
Is 11330331 a multiple of 178?
False
Is 5 a factor of 1163530?
True
Does 13 divide 663208?
True
Is 3778148 a multiple of 11?
True
Is 1259650 a multiple of 35?
True
Does 15 divide 312535?
False
Is 1482076 a multiple of 76?
True
Is 36 a factor of 8388?
True
Is 1409573 a multiple of 141?
False
Is 354 a factor of 701545?
False
Does 15 divide 511444?
False
Does 582 divide 1307754?
True
Is 103 a factor of 67812?
False
Does 61 divide 9533237?
False
Is 172806 a multiple of 44?
False
Does 10 divide 1329520?
True
Is 2607148 a multiple of 11?
False
Does 700 divide 3385900?
True
Does 148 divide 1266173?
False
Is 10330650 a multiple of 50?
True
Is 10154220 a multiple of 498?
True
Is 627 a factor of 1359336?
True
Is 36 a factor of 1121619?
False
Does 33 divide 34749?
True
Is 394133 a multiple of 199?
False
Is 116 a factor of 35960?
True
Is 12 a factor of 1669308?
True
Does 1516 divide 2013949?
False
Does 15 divide 620070?
True
Is 428028 a multiple of 158?
False
Is 20 a factor of 3120?
True
Is 46 a factor of 2493506?
False
Does 9 divide 116006?
False
Is 18053125 a multiple of 1325?
True
Does 179 divide 59855?
False
Does 14 divide 124250?
True
Is 2471316 a multiple of 19?
False
Does 147 divide 165816?
True
Does 16 divide 47888?
True
Does 835 divide 7572042?
False
Is 74277 a multiple of 7?
True
Is 9305144 a multiple of 10?
False
Does 262 divide 2972150?
False
Does 39 divide 62593?
False
Is 28 a factor of 220388?
True
Is 172235 a multiple of 49?
True
Is 14611092 a multiple of 300?
False
Is 10693558 a multiple of 201?
False
Does 24 divide 48144?
True
Is 2180816 a multiple of 16?
True
Is 10 a factor of 116920?
True
Is 30 a factor of 4573299?
False
Does 3 divide 12399?
True
Is 61 a factor of 28412?
False
Is 415728 a multiple of 40?
False
Is 926413 a multiple of 21?
False
Does 8 divide 36456?
True
Is 451039 a multiple of 1162?
False
Does 17 divide 149583?
True
Does 370 divide 237009?
False
Does 14 divide 152776?
False
Is 821117 a multiple of 2?
False
Is 85 a factor of 5513784?
False
Is 17107200 a multiple of 675?
True
Is 167900 a multiple of 46?
True
Does 177 divide 102680?
False
Is 406134 a multiple of 14?
False
Is 68230 a multiple of 10?
True
Is 35 a factor of 123037?
False
Is 166 a factor of 555744?
False
Is 2280518 a multiple of 73?
False
Is 384800 a multiple of 65?
True
Is 66 a factor of 104610?
True
Does 127 divide 938965?
False
Is 500634 a multiple of 228?
False
Does 161 divide 76475?
True
Is 300207 a multiple of 10?
False
Is 281 a factor of 26488746?
True
Does 78 divide 1005576?
True
Is 5013283 a multiple of 1411?
True
Is 556 a factor of 131772?
True
Is 131 a factor of 16816783?
False
Does 17 divide 2559520?
True
Is 9445019 a multiple of 968?
False
Is 724296 a multiple of 103?
True
Does 71 divide 123174?
False
Does 176 divide 6473307?
False
Is 89 a factor of 268129?
False
Is 7 a factor of 2651816?
False
Is 59 a factor of 17531921?
False
Is 10488 a multiple of 12?
True
Is 187 a factor of 767770?
False
Does 139 divide 223234?
True
Is 252801 a multiple of 27?
True
Is 16229 a multiple of 290?
False
Does 989 divide 22273593?
False
Is 236004 a multiple of 426?
True
Is 118 a factor of 644516?
True
Does 74 divide 8591252?
True
Is 5010506 a multiple of 42?
False
Is 2342170 a multiple of 350?
False
Is 2593330 a multiple of 215?
True
Is 29 a factor of 5120781?
False
Is 7 a factor of 943201?
True
Is 33 a factor of 542261?
False
Does 1064 divide 11759318?
False
Is 622 a factor of 984626?
True
Is 1954820 a multiple of 70?
True
Does 1285 divide 5731100?
True
Does 47 divide 27072?
True
Does 34 divide 856507?
False
Is 5378160 a multiple of 48?
True
Is 481978 a multiple of 241?
False
Does 420 divide 3769894?
False
Does 3 divide 49817?
False
Is 4550 a multiple of 91?
True
Does 3 divide 15715?
False
Does 8 divide 1173136?
True
Is 28752 a multiple of 3?
True
Is 23 a factor of 23687?
False
Is 8 a factor of 1261193?
False
Is 27 a factor of 27378?
True
Is 331 a factor of 1878932?
False
Does 17 divide 59483?
True
Is 22370261 a multiple of 47?
True
Is 318 a factor of 630707?
False
Is 473 a factor of 27434?
True
Does 19 divide 21683?
False
Is 242560 a multiple of 10?
True
Is 92 a factor of 2742336?
True
Does 188 divide 30083384?
True
Is 105 a factor of 84315?
True
Is 24 a factor of 89520?
True
Is 178 a factor of 343540?
True
Is 200388 a multiple of 346?
False
Is 7 a factor of 17731?
True
Is 25347 a multiple of 83?
False
Does 60 divide 17572920?
True
Does 1511 divide 15703823?
True
Is 1072751 a multiple of 281?
False
Is 108 a factor of 126252?
True
Does 5 divide 7401?
False
Does 711 divide 4720329?
True
Is 532 a factor of 322015?
False
Does 13 divide 3000727?
False
Is 60 a factor of 1568609?
False
Does 234 divide 296244?
True
Is 5863 a multiple of 3?
False
Does 15 divide 8160?
True
Is 154 a factor of 271804?
False
Is 2 a factor of 1560009?
False
Is 64320 a multiple of 48?
True
Does 37 divide 2759830?
True
Does 56 divide 16119?
False
Is 25 a factor of 18579?
False
Does 7 divide 50143?
False
Is 335943 a multiple of 163?
True
Is 7 a factor of 297836?
True
Is 166605 a multiple of 145?
True
Is 11488 a multiple of 182?
False
Does 764 divide 4014056?
True
Is 50969 a multiple of 10?
False
Does 258 divide 34060883?
False
Is 29 a factor of 150739?
False
Does 18 divide 6496812?
True
Is 161 a factor of 2326829?
False
Is 325875 a multiple of 125?
True
Is 307075 even?
False
Is 3834504 a multiple of 342?
True
Does 130 divide 4501176?
False
Is 9479610 a multiple of 410?
True
Is 277775 a multiple of 70?
False
Is 262 a factor of 336450?
False
Does 507 divide 8478561?
True
Does 99 divide 351276?
False
Is 29 a factor of 184759?
True
Is 80370 a multiple of 95?
True
Is 918 a factor of 1569491?
False
Is 170404 a multiple of 226?
True
Does 57 divide 4185624?
True
Is 1011194 a multiple of 17?
True
Is 191116 a multiple of 546?
False
Is 45 a factor of 342516?
False
Is 186 a factor of 994179?
False
Is 81161 a multiple of 146?
False
Does 73 divide 3526265?
True
Is 21 a factor of 9178403?
False
Is 239 a factor of 2978110?
False
Is 45 a factor of 736245?
True
Is 33 a factor of 7313206?
False
Does 5 divide 23878?
False
Is 119 a factor of 6510490?
True
Is 19158 a multiple of 6?
True
Is 21 a factor of 120204?
True
Is 1089 a factor of 7705764?
True
Is 252824 a multiple of 19?
False
Is 82 a factor of 1267649?
False
Is 55 a factor of 8987770?
True
Does 5 divide 50885?
True
Is 31 a factor of 808855?
False
Is 393 a factor of 24759?
True
Is 318399 a multiple of 27?
False
Is 233 a factor of 7418381?
False
Is 901164 a multiple of 564?
False
Is 9 a facto